oes 816 divide 40061520?
True
Does 741 divide 150407189?
False
Is 30 a factor of 1051576?
False
Is 11 a factor of 2665973057?
True
Does 46 divide 206684486?
True
Is 2504337871 a multiple of 33?
False
Is 66220744 a multiple of 41?
False
Does 15 divide 20113733?
False
Does 1113 divide 8319748?
False
Does 25 divide 63410602?
False
Is 140973556 a multiple of 773?
True
Is 4819 a factor of 1597495430?
False
Is 324 a factor of 142205220?
True
Does 640 divide 1943265682?
False
Does 503 divide 68060939?
False
Is 13164802 a multiple of 1526?
True
Is 11589251 a multiple of 37?
True
Is 1875156036 a multiple of 127?
False
Is 182314819 a multiple of 1592?
False
Does 29 divide 2085629?
False
Is 2091 a factor of 180070647?
True
Is 11824795 a multiple of 757?
False
Does 22 divide 63419147?
False
Does 197 divide 80682335?
True
Does 783 divide 9479781?
True
Does 122 divide 123412150?
True
Does 29 divide 1851375326?
False
Does 694 divide 10684322?
False
Does 23 divide 91575397?
True
Is 4424279574 a multiple of 78?
True
Does 388 divide 214911648?
True
Is 569 a factor of 331370482?
False
Is 472 a factor of 334914680?
True
Is 925017432 a multiple of 3865?
False
Is 48260517 a multiple of 2281?
False
Does 21 divide 1105241856?
False
Is 66 a factor of 13056964?
False
Is 1862 a factor of 15753517?
False
Is 174125016 a multiple of 408?
True
Does 19 divide 8236003?
False
Is 14153616 a multiple of 1304?
True
Does 13 divide 29658226?
True
Is 19 a factor of 741650749?
False
Is 446 a factor of 9415235?
False
Is 82586314 a multiple of 834?
False
Does 32 divide 185343945?
False
Is 119741720 a multiple of 4478?
True
Is 2394383100 a multiple of 13675?
True
Is 5354492 a multiple of 3404?
True
Does 1380 divide 28709021?
False
Is 7583 a factor of 3054925295?
True
Does 92 divide 2066406756?
True
Is 375 a factor of 64972500?
True
Does 4431 divide 120696009?
True
Is 2319988768 a multiple of 473?
False
Is 215 a factor of 155558423?
False
Is 168 a factor of 7870623?
False
Does 22 divide 2842440139?
False
Is 745769988 a multiple of 326?
True
Does 977 divide 106454897?
True
Is 4754189 a multiple of 2?
False
Does 1651 divide 292891861?
False
Does 8 divide 3864368?
True
Is 4 a factor of 37195127?
False
Is 523777790 a multiple of 150?
False
Is 17 a factor of 3190595?
False
Does 176 divide 26476208?
True
Is 303101519 a multiple of 1118?
False
Does 1899 divide 64155816?
True
Does 27 divide 27680103?
True
Is 130673187 a multiple of 353?
True
Does 4 divide 537206491?
False
Is 46811142 a multiple of 777?
True
Does 4605 divide 50153055?
True
Is 18 a factor of 12837227?
False
Is 18645038 a multiple of 2289?
False
Is 335 a factor of 69202952?
False
Is 7133489 a multiple of 3?
False
Is 32 a factor of 289610591?
False
Does 768 divide 165984768?
True
Is 403345223 a multiple of 4089?
False
Does 32 divide 92947626?
False
Is 17 a factor of 910719699?
True
Is 1673169017 a multiple of 13?
True
Does 290 divide 38122758?
False
Is 11332594 a multiple of 877?
True
Is 1253642969 a multiple of 100?
False
Is 190858123 a multiple of 686?
False
Does 114 divide 33064064?
False
Does 79 divide 13219239?
False
Is 116 a factor of 59314164?
True
Does 5264 divide 76777349?
False
Does 36 divide 171289152?
True
Is 27 a factor of 779699333?
False
Is 6 a factor of 143822197?
False
Is 145903012 a multiple of 1999?
True
Is 18 a factor of 2439729342?
True
Is 1040 a factor of 157040?
True
Is 3138 a factor of 16345842?
True
Does 3 divide 1076496?
True
Does 16 divide 308665504?
True
Is 80 a factor of 195207636?
False
Is 16 a factor of 85635808?
True
Is 8 a factor of 4107690?
False
Does 285 divide 333865072?
False
Is 1093239216 a multiple of 1392?
True
Is 112745248 a multiple of 77?
True
Is 16343010 a multiple of 205?
True
Is 970058 a multiple of 4?
False
Is 3 a factor of 265742281?
False
Is 946 a factor of 183922266?
True
Does 6 divide 69363186?
True
Is 1120 a factor of 492662240?
True
Does 1349 divide 117497871?
False
Does 20 divide 82714835?
False
Does 68 divide 1463796424?
True
Does 20 divide 931348400?
True
Does 433 divide 21143823?
True
Does 522 divide 67351050?
True
Is 29741318 a multiple of 23?
False
Does 1500 divide 649695224?
False
Does 150 divide 713900004?
False
Is 92 a factor of 371128?
True
Does 34 divide 746264254?
False
Does 184 divide 41974100?
False
Is 8 a factor of 691572096?
True
Does 14 divide 143700710?
False
Is 11940665 a multiple of 5?
True
Does 6 divide 35474825?
False
Is 27 a factor of 11762126?
False
Does 135 divide 2303999?
False
Is 106677609 a multiple of 321?
True
Does 17 divide 23804715?
False
Does 37 divide 2820204195?
True
Is 48 a factor of 556213909?
False
Does 3 divide 24421176?
True
Is 11 a factor of 47635905?
False
Is 44329466 a multiple of 19?
False
Is 28 a factor of 57751119?
False
Does 19 divide 2486622028?
False
Is 92 a factor of 2289218631?
False
Is 515003992 a multiple of 821?
False
Is 23860132 a multiple of 31?
False
Is 293539760 a multiple of 140?
False
Is 788687250 a multiple of 230?
True
Does 712 divide 18431336?
False
Is 8464592 a multiple of 16?
True
Is 26155503 a multiple of 153?
True
Is 542 a factor of 82535675?
False
Is 34 a factor of 81651170?
True
Is 1404 a factor of 136355681?
False
Is 319956984 a multiple of 2428?
True
Is 43 a factor of 335578537?
False
Is 484653780 a multiple of 652?
False
Is 97 a factor of 1492463437?
True
Does 376 divide 64817222?
False
Is 4465467441 a multiple of 15?
False
Is 123687429 a multiple of 24?
False
Does 1485 divide 122694176?
False
Is 3 a factor of 1936232?
False
Does 4252 divide 107031344?
True
Is 489288952 a multiple of 278?
False
Is 2013 a factor of 678381?
True
Is 67650037 a multiple of 13?
True
Is 12 a factor of 364530180?
True
Does 204 divide 5019777?
False
Is 24045094 a multiple of 67?
True
Is 4178710 even?
True
Is 2187 a factor of 40885965?
True
Is 20 a factor of 2808254780?
True
Does 8 divide 67780112?
True
Is 57 a factor of 66308106?
False
Is 13030341 a multiple of 2837?
True
Is 154 a factor of 2105334?
True
Does 6 divide 1617299088?
True
Does 77 divide 306904290?
True
Is 47 a factor of 23025380?
False
Is 56 a factor of 2279361489?
False
Does 114 divide 4623077568?
True
Does 10 divide 665928160?
True
Is 10932409 a multiple of 81?
False
Does 10 divide 85877734?
False
Is 51 a factor of 55397475?
True
Is 69 a factor of 19916267?
False
Is 1243055224 a multiple of 47?
False
Is 19 a factor of 131068588?
False
Is 108 a factor of 338742648?
True
Does 1422 divide 109448496?
True
Does 975 divide 45266128?
False
Is 16 a factor of 366801840?
True
Does 20 divide 261436220?
True
Is 2 a factor of 9423467?
False
Is 10225 a factor of 712631375?
True
Does 8 divide 43398980?
False
Is 12036448 a multiple of 1657?
True
Is 22 a factor of 77286583?
False
Is 13 a factor of 8066436?
False
Is 541 a factor of 51867046?
False
Is 23 a factor of 548613710?
True
Does 175 divide 364840525?
True
Does 59 divide 38595178?
False
Is 201692573 a multiple of 117?
False
Is 60809866 a multiple of 13?
True
Is 2473 a factor of 34531039?
False
Does 32 divide 26778513?
False
Does 210 divide 29264485?
False
Does 29 divide 22995584?
False
Is 50600280 a multiple of 213?
True
Is 187 a factor of 254851641?
True
Is 325211767 a multiple of 4?
False
Does 608 divide 665735680?
True
Is 43823232 a multiple of 576?
True
Does 312 divide 1516759?
False
Is 6010656 a multiple of 174?
True
Does 274 divide 20189137?
False
Is 2040 a factor of 98561052?
False
Does 462 divide 906150168?
True
Is 16 a factor of 35678128?
True
Does 2074 divide 786960634?
True
Does 124 divide 562943317?
False
Is 21 a factor of 527910201?
True
Is 5101327 a multiple of 2?
False
Does 570 divide 24095039?
False
Is 1595795592 a multiple of 24?
True
Is 1310195259 a multiple of 536?
False
Does 80 divide 174154720?
True
Does 8 divide 10779304?
True
Does 66 divide 168108006?
True
Does 123 divide 3424935?
True
Does 27 divide 25680742?
False
Is 1678536615 a multiple of 4935?
True
Is 3763599946 a multiple of 9990?
False
Is 34 a factor of 71254582?
True
Is 394 a factor of 125746282?
True
Does 2706 divide 1927181089?
False
Is 17 a factor of 161487032?
False
Does 16 divide 2063896470?
False
Does 10 divide 87531970?
True
Is 176 a factor of 53210274?
False
Is 15 a factor of 428459815?
False
Is 2 a factor of 35352197?
False
Is 719 a fac